{"id":193,"date":"2017-06-06T00:12:30","date_gmt":"2017-06-06T00:12:30","guid":{"rendered":"https:\/\/medicosdecristo.com.br\/site\/?page_id=193"},"modified":"2021-03-08T19:56:34","modified_gmt":"2021-03-08T22:56:34","slug":"nossa-visao","status":"publish","type":"page","link":"https:\/\/medicosdecristo.com.br\/site\/nossa-visao\/","title":{"rendered":"Vis\u00e3o, Miss\u00e3o e Valores"},"content":{"rendered":"<h2><strong>Vis\u00e3o<\/strong><\/h2>\n<div>Somos uma associa\u00e7\u00e3o de profissionais e estudantes \u00a0da \u00e1rea da sa\u00fade, seguidores de Jesus Cristo, que buscam ser refer\u00eancia \u00a0de excel\u00eancia em suas \u00e1reas de atua\u00e7\u00e3o, servindo em todas as regi\u00f5es do Brasil.<\/div>\n<p>&nbsp;<\/p>\n<h2><strong>Miss\u00e3o<\/strong><\/h2>\n<div>\n<div>Os M\u00e9dicos de Cristo existem para alcan\u00e7ar, acolher e mobilizar profissionais e estudantes da \u00e1rea da sa\u00fade, para agirem sob a cosmovis\u00e3o crist\u00e3 nos diversos espa\u00e7os de atua\u00e7\u00e3o, como agentes de sa\u00fade integral, servindo com relev\u00e2ncia na sociedade.<\/div>\n<\/div>\n<p>&nbsp;<\/p>\n<h2><strong>Valores<\/strong><\/h2>\n<div>\n<ul>\n<li>Ousadia na pr\u00e1tica da justi\u00e7a e na viv\u00eancia dos valores do Reino de Deus em favor dos necessitados<\/li>\n<li>Excel\u00eancia no servi\u00e7o a Deus e ao pr\u00f3ximo<\/li>\n<li>Atua\u00e7\u00e3o na educa\u00e7\u00e3o da comunidade e \u00a0na\u00a0 forma\u00e7\u00e3o dos profissionais da \u00e1rea da sa\u00fade<\/li>\n<\/ul>\n<p>&nbsp;<\/p>\n<h2><strong>Princ\u00edpios<\/strong><\/h2>\n<ul>\n<li>Fundamenta\u00e7\u00e3o nas Escrituras B\u00edblicas e compromisso com o Evangelho de Jesus Cristo<\/li>\n<li>Promo\u00e7\u00e3o da dignidade da pessoa humana<\/li>\n<li>Defesa da vida e dos direitos humanos<\/li>\n<li>Promo\u00e7\u00e3o, Recupera\u00e7\u00e3o e Conserva\u00e7\u00e3o da sa\u00fade integral<\/li>\n<\/ul>\n<\/div>\n<p>&nbsp;<\/p>\n","protected":false},"excerpt":{"rendered":"<p>Vis\u00e3o Somos uma associa\u00e7\u00e3o de profissionais e estudantes \u00a0da \u00e1rea da sa\u00fade, seguidores de Jesus Cristo, que buscam ser refer\u00eancia \u00a0de excel\u00eancia em suas \u00e1reas de<span class=\"excerpt-hellip\"> [\u2026]<\/span><\/p>\n","protected":false},"author":1,"featured_media":0,"parent":0,"menu_order":0,"comment_status":"closed","ping_status":"closed","template":"","meta":{"footnotes":""},"class_list":["post-193","page","type-page","status-publish","hentry"],"_links":{"self":[{"href":"https:\/\/medicosdecristo.com.br\/site\/wp-json\/wp\/v2\/pages\/193","targetHints":{"allow":["GET"]}}],"collection":[{"href":"https:\/\/medicosdecristo.com.br\/site\/wp-json\/wp\/v2\/pages"}],"about":[{"href":"https:\/\/medicosdecristo.com.br\/site\/wp-json\/wp\/v2\/types\/page"}],"author":[{"embeddable":true,"href":"https:\/\/medicosdecristo.com.br\/site\/wp-json\/wp\/v2\/users\/1"}],"replies":[{"embeddable":true,"href":"https:\/\/medicosdecristo.com.br\/site\/wp-json\/wp\/v2\/comments?post=193"}],"version-history":[{"count":11,"href":"https:\/\/medicosdecristo.com.br\/site\/wp-json\/wp\/v2\/pages\/193\/revisions"}],"predecessor-version":[{"id":1390,"href":"https:\/\/medicosdecristo.com.br\/site\/wp-json\/wp\/v2\/pages\/193\/revisions\/1390"}],"wp:attachment":[{"href":"https:\/\/medicosdecristo.com.br\/site\/wp-json\/wp\/v2\/media?parent=193"}],"curies":[{"name":"wp","href":"https:\/\/api.w.org\/{rel}","templated":true}]}}