{"id":2074,"date":"2025-03-09T16:18:08","date_gmt":"2025-03-09T19:18:08","guid":{"rendered":"https:\/\/medicosdecristo.com.br\/site\/?page_id=2074"},"modified":"2025-03-09T16:19:52","modified_gmt":"2025-03-09T19:19:52","slug":"gt-treinamento","status":"publish","type":"page","link":"https:\/\/medicosdecristo.com.br\/site\/gt-treinamento\/","title":{"rendered":"GT Treinamento"},"content":{"rendered":"<p>Este Grupo de Trabalho re\u00fane os treinamentos realizados pela associa\u00e7\u00e3o M\u00e9dicos de Cristo aos seus filiados e demais estudantes e profissionais da \u00e1rea da sa\u00fade.<\/p>\n<p>Por isso buscamos:<\/p>\n<ul>\n<li>Organizar e realizar o treinamento internacional Saline Process, nas modalidades treinamento de testemunhas e de treinadores, com apoio dos Grupos Locais.<\/li>\n<li>Disponibilizar e realizar o treinamento &#8220;Crescendo juntos como testemunhas&#8221; sob orienta\u00e7\u00e3o de um facilitador, em continuidade ao treinamento Saline Process.<\/li>\n<li>Reunir representantes dos Grupos Locais que s\u00e3o treinadores e multiplicadores do Saline Process.<\/li>\n<li>Atender as demandas do treinamento internacional\u00a0 e dos treinamentos nacionais.<\/li>\n<li>Representar o MDC na Associa\u00e7\u00e3o Saline Internacional junto ao ICMDA e HCFI.<\/li>\n<li>Realizar reuni\u00f5es peri\u00f3dicas de trabalho entre os integrantes do GT.<\/li>\n<li>Participar de reuni\u00f5es de planejamento e monitoramento com a Diretoria<\/li>\n<\/ul>\n<p><strong>GT treinamentos<\/strong><br \/>\nCoordenadora &#8211; Jenniffer Laura Daltro Monteiro da Silva Loures<br \/>\nBelo Horizonte MG<br \/>\njldms1@gmail.com<\/p>\n<p>Vice coordenador &#8211; Al\u00f3ide Ladeia Guimar\u00e3es<br \/>\nCampinas SP<br \/>\naloide@gmail.com<\/p>\n<p><strong>Saline<\/strong><br \/>\nCoord &#8211; Priscila Lemos Gon\u00e7alves<br \/>\nBelo Horizonte MG<br \/>\nsaline.brasil@gmail.com<\/p>\n<p>Vice Coord &#8211; Luciana Paul Campos Villas Boas<br \/>\nGovernador Valadares MG<br \/>\nlusenha@outlook.com<\/p>\n<p><strong>Bio\u00e9tica<\/strong><br \/>\nCoord &#8211; Jennifer Brito Warner<br \/>\nLittle Rock Arkansas &#8211; EUA<br \/>\njenbrito97@gmail.com<\/p>\n<p>Vice Coord &#8211; Davi de Ara\u00fajo Gon\u00e7alves e Silva<br \/>\nBelo Horizonte-MG<br \/>\naraujoccbh@gmail.com<\/p>\n<p><strong>Cristianismo Confiante<\/strong><br \/>\nCoord &#8211; Gabriel Santana Le\u00e3o dos Anjos<br \/>\nS\u00e3o Paulo SP<br \/>\nGabriel.leao.anjos@gmail.com<\/p>\n<p>Vice Coord &#8211; Josiane Gon\u00e7alves Machado<br \/>\nNova Igua\u00e7u &#8211; RJ<br \/>\njosianeemachado@gmail.com<\/p>\n<p><strong>Sydenham<\/strong><br \/>\nCoord &#8211; Fl\u00e1via Figueir\u00f3 da Fonseca<br \/>\nBelo Horizonte MG<br \/>\nflaviafig.f@gmail.com<\/p>\n<p>Vice Coord &#8211; Artur Matos Ventura<br \/>\nFortaleza -CE<br \/>\narturventura009@gmail.com<\/p>\n","protected":false},"excerpt":{"rendered":"<p>Este Grupo de Trabalho re\u00fane os treinamentos realizados pela associa\u00e7\u00e3o M\u00e9dicos de Cristo aos seus filiados e demais estudantes e profissionais da \u00e1rea da sa\u00fade. Por<span class=\"excerpt-hellip\"> [\u2026]<\/span><\/p>\n","protected":false},"author":2,"featured_media":0,"parent":0,"menu_order":0,"comment_status":"closed","ping_status":"closed","template":"","meta":{"footnotes":""},"class_list":["post-2074","page","type-page","status-publish","hentry"],"_links":{"self":[{"href":"https:\/\/medicosdecristo.com.br\/site\/wp-json\/wp\/v2\/pages\/2074","targetHints":{"allow":["GET"]}}],"collection":[{"href":"https:\/\/medicosdecristo.com.br\/site\/wp-json\/wp\/v2\/pages"}],"about":[{"href":"https:\/\/medicosdecristo.com.br\/site\/wp-json\/wp\/v2\/types\/page"}],"author":[{"embeddable":true,"href":"https:\/\/medicosdecristo.com.br\/site\/wp-json\/wp\/v2\/users\/2"}],"replies":[{"embeddable":true,"href":"https:\/\/medicosdecristo.com.br\/site\/wp-json\/wp\/v2\/comments?post=2074"}],"version-history":[{"count":3,"href":"https:\/\/medicosdecristo.com.br\/site\/wp-json\/wp\/v2\/pages\/2074\/revisions"}],"predecessor-version":[{"id":2077,"href":"https:\/\/medicosdecristo.com.br\/site\/wp-json\/wp\/v2\/pages\/2074\/revisions\/2077"}],"wp:attachment":[{"href":"https:\/\/medicosdecristo.com.br\/site\/wp-json\/wp\/v2\/media?parent=2074"}],"curies":[{"name":"wp","href":"https:\/\/api.w.org\/{rel}","templated":true}]}}