{"id":332,"date":"2017-06-13T19:11:27","date_gmt":"2017-06-13T19:11:27","guid":{"rendered":"https:\/\/medicosdecristo.com.br\/site\/?page_id=332"},"modified":"2021-07-07T22:32:51","modified_gmt":"2021-07-08T01:32:51","slug":"participe-de-um-grupo-local","status":"publish","type":"page","link":"https:\/\/medicosdecristo.com.br\/site\/participe-de-um-grupo-local\/","title":{"rendered":"Participe de um Grupo Local"},"content":{"rendered":"<p>Voc\u00ea tamb\u00e9m pode participar dos M\u00e9dicos de Cristo de maneira mais ativa. Para participar de um dos nossos grupos locais espalhados pelo Brasil \u00e9 f\u00e1cil.<\/p>\n<p>Primeiro, <strong><a href=\"https:\/\/medicosdecristo.com.br\/site\/onde-estamos\/\">clique aqui<\/a><\/strong> e confira se a sua cidade possui um grupo local em atividade. Em seguida, basta entrar em contato por telefone ou e-mail para entender como e onde servir.<\/p>\n<p>Mas se a sua cidade n\u00e3o possuir um grupo local, n\u00e3o desanime. Voc\u00ea pode ser a pessoa respons\u00e1vel por criar um grupo local. Nosso desejo \u00e9 \u201calargar as tendas\u201d e ver a associa\u00e7\u00e3o crescer. Por isso, se voc\u00ea deseja abrir um grupo local na sua cidade, ore e pe\u00e7a orienta\u00e7\u00e3o a Deus. Depois entre em <strong><a href=\"https:\/\/medicosdecristo.com.br\/site\/contato\/\">contato<\/a><\/strong> com a gente.<\/p>\n<p>&nbsp;<\/p>\n","protected":false},"excerpt":{"rendered":"<p>Voc\u00ea tamb\u00e9m pode participar dos M\u00e9dicos de Cristo de maneira mais ativa. Para participar de um dos nossos grupos locais espalhados pelo Brasil \u00e9 f\u00e1cil. Primeiro,<span class=\"excerpt-hellip\"> [\u2026]<\/span><\/p>\n","protected":false},"author":1,"featured_media":0,"parent":0,"menu_order":0,"comment_status":"closed","ping_status":"closed","template":"","meta":{"footnotes":""},"class_list":["post-332","page","type-page","status-publish","hentry"],"_links":{"self":[{"href":"https:\/\/medicosdecristo.com.br\/site\/wp-json\/wp\/v2\/pages\/332","targetHints":{"allow":["GET"]}}],"collection":[{"href":"https:\/\/medicosdecristo.com.br\/site\/wp-json\/wp\/v2\/pages"}],"about":[{"href":"https:\/\/medicosdecristo.com.br\/site\/wp-json\/wp\/v2\/types\/page"}],"author":[{"embeddable":true,"href":"https:\/\/medicosdecristo.com.br\/site\/wp-json\/wp\/v2\/users\/1"}],"replies":[{"embeddable":true,"href":"https:\/\/medicosdecristo.com.br\/site\/wp-json\/wp\/v2\/comments?post=332"}],"version-history":[{"count":9,"href":"https:\/\/medicosdecristo.com.br\/site\/wp-json\/wp\/v2\/pages\/332\/revisions"}],"predecessor-version":[{"id":1454,"href":"https:\/\/medicosdecristo.com.br\/site\/wp-json\/wp\/v2\/pages\/332\/revisions\/1454"}],"wp:attachment":[{"href":"https:\/\/medicosdecristo.com.br\/site\/wp-json\/wp\/v2\/media?parent=332"}],"curies":[{"name":"wp","href":"https:\/\/api.w.org\/{rel}","templated":true}]}}